n 147 is divided by 79?
68
What is the remainder when 157 is divided by 62?
33
What is the remainder when 110 is divided by 40?
30
What is the remainder when 951 is divided by 43?
5
What is the remainder when 622 is divided by 294?
34
What is the remainder when 69 is divided by 13?
4
What is the remainder when 143 is divided by 93?
50
What is the remainder when 3780 is divided by 19?
18
What is the remainder when 75 is divided by 44?
31
What is the remainder when 860 is divided by 310?
240
Calculate the remainder when 766 is divided by 385.
381
What is the remainder when 380 is divided by 70?
30
Calculate the remainder when 566 is divided by 24.
14
Calculate the remainder when 99 is divided by 17.
14
Calculate the remainder when 252 is divided by 39.
18
What is the remainder when 323 is divided by 41?
36
Calculate the remainder when 771 is divided by 33.
12
Calculate the remainder when 150 is divided by 144.
6
What is the remainder when 178 is divided by 64?
50
What is the remainder when 278 is divided by 15?
8
What is the remainder when 59 is divided by 10?
9
What is the remainder when 458 is divided by 27?
26
What is the remainder when 87 is divided by 17?
2
What is the remainder when 164 is divided by 57?
50
Calculate the remainder when 19454 is divided by 29.
24
What is the remainder when 367 is divided by 155?
57
What is the remainder when 6505 is divided by 27?
25
What is the remainder when 291 is divided by 42?
39
Calculate the remainder when 8 is divided by 3.
2
What is the remainder when 388 is divided by 26?
24
Calculate the remainder when 1185 is divided by 1156.
29
Calculate the remainder when 216 is divided by 13.
8
Calculate the remainder when 2146 is divided by 12.
10
Calculate the remainder when 458 is divided by 127.
77
Calculate the remainder when 6656 is divided by 180.
176
What is the remainder when 367 is divided by 57?
25
Calculate the remainder when 49 is divided by 23.
3
What is the remainder when 542 is divided by 55?
47
Calculate the remainder when 648 is divided by 317.
14
What is the remainder when 1380 is divided by 18?
12
What is the remainder when 375 is divided by 86?
31
What is the remainder when 184 is divided by 6?
4
What is the remainder when 263 is divided by 125?
13
Calculate the remainder when 49 is divided by 19.
11
Calculate the remainder when 33836 is divided by 141.
137
Calculate the remainder when 133 is divided by 53.
27
Calculate the remainder when 4155 is divided by 64.
59
What is the remainder when 399 is divided by 40?
39
Calculate the remainder when 291 is divided by 21.
18
What is the remainder when 16 is divided by 1?
0
What is the remainder when 4858 is divided by 162?
160
What is the remainder when 317 is divided by 53?
52
What is the remainder when 992 is divided by 158?
44
Calculate the remainder when 8616 is divided by 2152.
8
Calculate the remainder when 319 is divided by 38.
15
Calculate the remainder when 59 is divided by 23.
13
What is the remainder when 449 is divided by 202?
45
Calculate the remainder when 2339 is divided by 71.
67
Calculate the remainder when 8013 is divided by 4.
1
Calculate the remainder when 95 is divided by 55.
40
Calculate the remainder when 725 is divided by 53.
36
Calculate the remainder when 4077 is divided by 68.
65
What is the remainder when 5373 is divided by 28?
25
What is the remainder when 492 is divided by 29?
28
Calculate the remainder when 387 is divided by 100.
87
What is the remainder when 6338 is divided by 151?
147
What is the remainder when 1076 is divided by 77?
75
What is the remainder when 1136 is divided by 20?
16
Calculate the remainder when 779 is divided by 39.
38
What is the remainder when 933 is divided by 246?
195
Calculate the remainder when 42 is divided by 38.
4
What is the remainder when 2693 is divided by 267?
23
Calculate the remainder when 1553 is divided by 1551.
2
Calculate the remainder when 290 is divided by 73.
71
What is the remainder when 663 is divided by 37?
34
Calculate the remainder when 3646 is divided by 41.
38
Calculate the remainder when 57 is divided by 21.
15
What is the remainder when 1033 is divided by 51?
13
What is the remainder when 132 is divided by 19?
18
What is the remainder when 635 is divided by 12?
11
What is the remainder when 1471 is divided by 365?
11
Calculate the remainder when 5266 is divided by 1752.
10
Calculate the remainder when 86 is divided by 38.
10
Calculate the remainder when 5039 is divided by 48.
47
Calculate the remainder when 256 is divided by 7.
4
What is the remainder when 199 is divided by 22?
1
Calculate the remainder when 1242 is divided by 89.
85
What is the remainder when 181 is divided by 71?
39
What is the remainder when 260 is divided by 22?
18
What is the remainder when 186 is divided by 26?
4
Calculate the remainder when 544 is divided by 25.
19
What is the remainder when 144 is divided by 33?
12
What is the remainder when 32 is divided by 20?
12
What is the remainder when 1186 is divided by 11?
9
What is the remainder when 38 is divided by 22?
16
What is the remainder when 357 is divided by 172?
13
Calculate the remainder when 207 is divided by 30.
27
What is the remainder when 66 is divided by 17?
15
What is the remainder when 912 is divided by 149?
18
What is the remainder when 783 is divided by 28?
27
Calculate the remainder when 123 is divided by 16.
11
What is the remainder when 825 is divided by 4?
1
What is the remainder when 492 is divided by 26?
24
Calculate the remainder when 673 is divided by 135.
133
What is the remainder when 87 is divided by 22?
21
What is the remainder when 484 is divided by 61?
57
What is the remainder when 852 is divided by 95?
92
What is the remainder when 299 is divided by 121?
57
What is the remainder when 89 is divided by 45?
44
What is the remainder when 4015 is divided by 15?
10
What is the remainder when 3030 is divided by 160?
150
What is the remainder when 252 is divided by 19?
5
Calculate the remainder when 536 is divided by 135.
131
What is the remainder when 7047 is divided by 75?
72
What is the remainder when 18 is divided by 15?
3
Calculate the remainder when 15 is divided by 6.
3
Calculate the remainder when 4677 is divided by 10.
7
What is the remainder when 51 is divided by 22?
7
What is the remainder when 410 is divided by 71?
55
What is the remainder when 3208 is divided by 13?
10
What is the remainder when 1877 is divided by 20?
17
What is the remainder when 579 is divided by 53?
49
Calculate the remainder when 1592 is divided by 55.
52
What is the remainder when 218 is divided by 46?
34
What is the remainder when 1034 is divided by 69?
68
What is the remainder when 622 is divided by 90?
82
What is the remainder when 3508 is divided by 10?
8
Calculate the remainder when 139 is divided by 17.
3
What is the remainder when 297 is divided by 50?
47
What is the remainder when 333 is divided by 35?
18
What is the remainder when 314 is divided by 241?
73
Calculate the remainder when 359 is divided by 70.
9
What is the remainder when 711 is divided by 32?
7
What is the remainder when 209 is divided by 73?
63
Calculate the remainder when 548 is divided by 37.
30
Calculate the remainder when 149 is divided by 50.
49
Calculate the remainder when 190 is divided by 71.
48
Calculate the remainder when 117 is divided by 4.
1
What is the remainder when 172 is divided by 84?
4
Calculate the remainder when 48 is divided by 14.
6
What is the remainder when 1477 is divided by 20?
17
What is the remainder when 69 is divided by 35?
34
Calculate the remainder when 1960 is divided by 481.
36
Calculate the remainder when 447 is divided by 63.
6
Calculate the remainder when 2253 is divided by 133.
125
What is the remainder when 733 is divided by 149?
137
What is the remainder when 79 is divided by 27?
25
Calculate the remainder when 842 is divided by 831.
11
What is the remainder when 3041 is divided by 13?
12
Calculate the remainder when 241 is divided by 98.
45
Calculate the remainder when 121 is divided by 41.
39
What is the remainder when 809 is divided by 41?
30
Calculate the remainder when 6914 is divided by 19.
17
Calculate the remainder when 1567 is divided by 37.
13
Calculate the remainder when 4028 is divided by 9.
5
What i